 + -5 + 4 - -3 - 8?
-5
Calculate -29 + 27 - (-10 - -1) - -8.
15
What is 1 + (-6 - (0 - 2) - (157 + -154))?
-6
-1 + (1 - (4 + (-5 - (3 + -9))))
-5
What is the value of -31 - (-4 + -9 - 17)?
-1
-1 - (-32 + 14 - -16)
1
Calculate 56 - (-31 - (15 + -81)).
21
-10 + 0 + 5 - (-17 - -57 - 13)
-32
What is -9 + 11 + 0 + -4 - -5?
3
(-10 - ((-15 - 4) + 10)) + -2 + 37
34
-2 - ((0 - 4) + -4) - (-9 - 1)
16
What is -63 + -2 + 37 + 9?
-19
42 + -9 + -30 + (5 - 7)
1
-4 - 2 - (-43 + 42)
-5
What is the value of (2 - (23 - 1)) + (47 - 40)?
-13
Calculate 1 - -7 - (-17 + 37 + -1).
-11
0 + 10 - (13 + (-79 - -82))
-6
What is -2 - (-36 - -14) - 21?
-1
Calculate -18 - (-14 - (-2 - -2)).
-4
Evaluate (-37 + 14 - -15) + (-3 - -1).
-10
Calculate (18 + -1 - 7) + -8 - (-14 - -4).
12
What is -3 + -10 + -60 + 36 + 58?
21
What is the value of (3 - (0 - -23)) + -13 + (-15 - -32)?
-16
What is the value of -3 + 3 - 0 - (6 + -3) - 13?
-16
33 + (6 - (-10 + (9 - -10)) - 3)
27
What is 22 + -15 + (11 - 7) + 11?
22
Calculate 2 - (-1 - (15 + -15)).
3
18 + (39 - 0) + -48
9
Evaluate 107 + -103 - (16 + 3).
-15
Calculate -11 - ((-46 - -1) + (-30 - (-3 - 29))).
32
What is the value of 210 - 162 - (-4 + 79)?
-27
What is the value of (-7 - -8 - 8 - -5) + 3 - 16?
-15
Evaluate (8 + -24 + -8 - -13) + 5.
-6
-24 + (-43 - -35) - -28
-4
Evaluate 3 + 1 + (-7 - -2) + (43 - 47).
-5
What is the value of (8 - 12) + (0 - (2 + -18)) - 7?
5
Evaluate -21 - (-29 + 20) - -11.
-1
Calculate 6 + (-1 - 13 - 19).
-27
Calculate -1 + (-10 + 11 - 9).
-9
What is 1 - -2 - (18 + -21) - 13?
-7
What is -11 + 6 + (7 - -6)?
8
Evaluate 3 + 0 + -11 + (15 - 21) + 4.
-10
Calculate (-3 - 1) + (10 - -1) + -41 + 19.
-15
Calculate (1 - -55) + (1351 - 1380).
27
What is 10 + -16 + -6 + (-4 - -12)?
-4
Evaluate -4 - -2 - (126 + -153) - -1.
26
What is (1 - 30) + (598 - 572)?
-3
Calculate 8 + (-109 - -32) + 29.
-40
Evaluate 12 + (7 - 6 - (4 - 2) - -2).
13
Calculate 11 + (22 - -1) + -16.
18
Evaluate 11 + (2 - 1) + (-283 - -278) - 10.
-3
(-17 - -1) + (-13 - 54 - -100)
17
What is the value of -10 + 3 + 4 + (7 - (-9 - -17))?
-4
-2 - (-19 - (10 - 16))
11
What is 3 + -5 + -15 + 1 - (352 + -352)?
-16
Evaluate 1 + (40 + -30 - 11).
0
Evaluate (19 - 33) + 15 - (13 - 1).
-11
Calculate (16 - -1) + 4 + -16.
5
143 + -158 - (-2 - -5)
-18
What is 0 - (-8 - -13 - (-2 + 0 - -2))?
-5
Calculate -10 + 11 + 20 - ((-2 - -7) + -1).
17
Calculate (-1 + 3 - 2) + -6 - (31 - 23).
-14
What is the value of -15 + (7 - (8 - (1 - (-4 - 1))))?
-10
What is -10 + 0 + (82 - 64) + -9 + 1?
0
(-5 - 17) + (-57 - -98)
19
Evaluate 14 + -10 + 11 - 21.
-6
(-11 - (8 + (-6 - 9))) + 0
-4
-1 - (6 + -4 + 2)
-5
Calculate (-45 - -18) + 40 + -23.
-10
What is the value of 3 + -3 - -17 - (5 - 13 - -13)?
12
What is the value of -7 - 2 - (21 - (-3 + (30 - 13)))?
-16
What is -6 + (-1 - (14 + -6 + -4))?
-11
What is the value of -15 + 11 + 17 + -10?
3
4 + (-62 + 56 - (-1 + -11 + 1))
9
What is the value of 23 + (-11 - (12 - 26) - 15)?
11
What is -1 + -23 - (19 + 42 - 77)?
-8
What is 1 - (-20 - (6 + 3 + -11))?
19
What is the value of -18 - (-31 - -17) - -3?
-1
Calculate -50 + 58 - (4 - -3 - -1).
0
What is the value of -7 + (-4 - -8) + 5 - (-5 - -8)?
-1
Evaluate 3 - 10 - (-6 - (13 - 18)).
-6
Evaluate 4 + -23 + 40 - 16.
5
Evaluate (-20 - -28) + -16 + (-1 - -11) + 24.
26
What is the value of 3 - (4 - (7 + 1 + (2 - 5)))?
4
Calculate 5 + (2 - 2) + 4 - (18 + -29).
20
What is (5 - (-4 + (4 + -1 - -3))) + -6?
-3
What is the value of (-123 - -106) + 30 + -1?
12
What is the value of 12 + -23 + 6 + (17 - -2)?
14
Evaluate (9 - -9) + -40 + 10.
-12
-20 - (-29 - -7 - -15)
-13
Evaluate -13 - (11 + -5 + -28).
9
What is 229 + -213 - (7 + (-2 - -1))?
10
What is the value of -11 + (38 - 30) + (1 - -20)?
18
What is the value of -21 - ((1 + -10 - -4) + (40 - 41))?
-15
What is the value of 4 + (-20 + 21 - (1 - 10)) + -1?
13
What is the value of -2 - (-3 - -4) - (-12 + -36 + 59)?
-14
What is 53 + -33 - (-37 + 34)?
23
What is the value of 8 + 15 + -1 + -7 + 3?
18
Evaluate 2 - (-7 - (14 + -5)).
18
Evaluate (53 - (8 + 16)) + -26.
3
Calculate -25 + (17 + 16 + -49 - -10).
-31
Calculate (-4 - (-7 + 6 - -5)) + -10.
-18
What is the value of 28 + -26 + -5 + (-2 - (-1 + 3))?
-7
What is the value of -9 + 8 - (-22 + 7) - (0 + -1)?
15
Calculate (3 - (2 + 9)) + -12 + (-6 - -1).
-25
Calculate -39 - (28 - 66 - -14).
-15
Calculate 45 - 2 - (-344 + 371).
16
-27 + (-28 - (31 + -75))
-11
5 - (-12 + -6 + 12 - -29 - 7)
-11
Evaluate (8 - (-16 + 13 + 6)) + (-2 - 35).
-32
What is -2 - -10 - (22 + (-20 - 15))?
21
Evaluate -10 - (1 + -10 + 7).
-8
What is the value of -11 + (-13 - -10) + 26 - 5?
7
Calculate -12 - -19 - (17 + -2) - -22.
14
0 - (0 + (-2 - -14)) - (-4 + -5)
-3
Calculate 12 + 1 - ((-23 - 31) + 62).
5
Evaluate -19 - (-56 + -3 + 29).
11
What is -7 + 17 + -10 + 19?
19
What is the value of 6 - (8 + 3 - (-1 + 7)) - -4?
5
What is -3 - (13 + -4 + -4) - (48 + -59)?
3
(0 - 2) + (5 - 1) - (-225 - -235)
-8
What is the value of -7 + (-4 - (-17 + 13 - 6))?
-1
What is 14 + 5 - -7 - (11 + 0)?
15
-44 + 26 - (-41 + 4)
19
Evaluate -255 + 276 - (40 + -1).
-18
Calculate (-59 - -61) + -13 + 2.
-9
Evaluate (-6 - -3) + (12 - 20) + -1.
-12
-2 - (-29 + 15 + 1)
11
What is 46 + 33 + -47 + 5?
37
Evaluate -8 + -7 + 26 + (-5 - -2 - 1).
7
Evaluate 22 + (-57 + 58 - (-5 + (-6 - -4))).
30
What is 0 + (-9 - -12 - -13) - 1?
15
What is (-8 - 1) + 2 + 8 + 12?
13
What is -32 + (-9 - -21 - -35)?
15
Calculate 0 - (-11 + 32 - (-3 - -5)).
-19
Evaluate 5 + 5 + -8 - -4 - (-71 - -67).
10
Calculate (-1 - (-1 + 17 - 1)) + 221 + -215.
-10
What is (-12 - (-12 + -1 - -1)) + 11?
11
16 + -6 + -12 + 3
1
-12 + (27 - 12) + (-6 - (3 + -3))
-3
What is (-2 - -3) + (-7 - 0 - 8 - -8)?
-6
Calculate (5 - -6) + -54 - -28.
-15
What is the value of -1 + 8 - (10 + -8) - (0 - -8)?
-3
What is 34 - (77 - 38) - (3 + -2)?
-6
-10 - (-11 - (14 + 1))
16
What is the value of 3 + (-13 - (-1 - -1) - -6) - -2?
-2
Calculate -71 + 54 - (-3 - 12).
-2
What is the value of 18 + -20 + (5 - -1) + (-1 - -7)?
10
13 + 2 + -8 + -12
-5
What is the value of 8 + 0 + ((-9 - -13) + -17 - -16)?
11
What is 42 + -39 - (3 - -9)?
-9
-3 + (-3 + 9 - (7 - 7)) + 3
6
-2 + -12 + 13 + (18 - 22)
-5
What is -1 + (0 - (-1 - 4) - (6 - 7))?
5
What is (65 - 56) + -1 + 7?
15
-8 - -18 - 20 - 4
-14
Calculate -3 - (0 + 6) - (3 + -7).
-5
Calculate -9 - (19 + -17 + 8) - 15.
-34
What is the value of -7 + (0 - -6) - 14 - -4?
-11
Evaluate -3 + (3 - (4 - -1 - 5)).
0
What is the value of 33 + (-23 - -3) - 19?
-6
-9 - (-4 - 8) - (11 - (-5 - -10))
-3
What is -2 - (-4 - 12) - (-5 + -5 + 11)?
13
1 + 1 + -9 + (165 - 160)
-2
35 - (-17 + 17) - 34
1
What is 11 + -15 + (-9 - -26) + -10 + -1?
2
What is the value of -10 + -1 + 15 + (-2 - 4) + 8?
6
What is the value of -21 + 7 + (34 - 18)?
2
Calculate 0 + -2 + (6 - (-12 - -6)).
10
Calculate 20 - (27 + 25 + -18).
-14
3 + (11 - (-13 - (8 - 22)))
13
Calculate -27 - 11 - -81 - (0 + 2 - -3).
38
What is the value of -5 - (-11 - (2 - 5)) - -3?
6
What is 6 - (3 + 2) - 12 - -6?
-5
What is 8 + 4 + -4 + -6 + 1?
3
Calculate -15 + -14 + 28 - (2 + 13).
-16
Evaluate -12 + (8 - -8) + 7.
11
Calculate (-8 - -16) + -24 + (-3 - -11).
-8
Calculate -12 + (17 - 9) + (17 - 7).
6
What is the value of -39 + 17 + 13 + (-1 - (-8 + 3))?
-5
Evaluate -1 + 34 + -54 + 37 - 24.
-8
-22 + 3 - 2 - (-1 - (0 - -6))
-14
What is the value of (22 - 11) + -13 - (8 - (-1 - 2))?
-13
Evaluate 9 + (-1 - -7 - (-11 + 24 - 8)).
10
What is 9 + -2 - (-47 + (94 - 43))?
3
Calculate (10 + 6 + -12 - -5) + 15.
24
Evaluate (11 + -9 - 9) + (0 - 3 - 3).
-13
What is the value of 3 + ((-7 + 0 - -7) + -6 - -10)?
7
What is the value of -7 + -18 + 7 + 21?
3
What is the value of -33 + 0 + (6 + 18 + -23 - 3)?
-35
Calculate -34 + (-11 - -25) + 8.
-12
Evaluate 19 - (26 - 0) - (-22 - 0).
15
Evaluate (2 + -16 - 2 - -25) + (0 - 3).
6
Evaluate 0 + (16 - 25) + 2.
-7
0 + 22 - 13 - -5
14
What is the value of (-28 - -28) + 8 - (0 + -5)?
13
Calculate 14 - -32 - 24 - 43.
-21
What is the value of (7 - (9 - (7 + -2))) + 1 + -6?
-2
Calculate 1 + -4 + 8 + -19 + -2.
-16
What is -22 - -24 - ((5 - -1) + (-9 - -5))?
0
What is the value of -10 + (11 - 21 - -20)?
0
Evaluate 5 + 10 + 204 + -218.
1
What is the value of 22 + 4 + -16 + -23?
-13
(-11 - -14) + 9 + -13 - (13 - 0)
-14
What is ((4 + 0 - 1) + 5 - 6) + 